Let x be a(2). Let c be 1/(-3) + (-910)/6. What is the tens digit of x/16 + 19/c?
5
Let g(p) = -p**3 + 2*p**2 + p - 2. Let r be g(-3). Suppose 5*u + 15 - r = 0. Suppose -3*m = w - 53, -333 = -u*w - m + 3*m. What is the units digit of w?
5
Let n(f) = -5*f**3 - 3*f**2 - 2*f + 1. What is the hundreds digit of n(-5)?
5
What is the units digit of 1832/32*2*2?
9
Let l(z) = -227*z + 434. What is the units digit of l(-6)?
6
Let n(d) = -4*d**2 - 16*d - 9. Let z(x) = 3*x**2 + 15*x + 9. Let h(q) = 4*n(q) + 5*z(q). Let i be h(12). Let b = 53 - i. What is the tens digit of b?
5
Suppose -28*f + 17055 = -38329. What is the thousands digit of f?
1
Suppose -2*f - 6 = 4. Let c = 19 - f. Suppose 3*d + 0*d = c. What is the units digit of d?
8
What is the hundreds digit of ((-88)/4)/1*213/(-6)?
7
Let q = -109 - -602. What is the hundreds digit of q?
4
Let q = 526 + -71. What is the units digit of q?
5
Let p = -54 - -66. Suppose -p*j + 752 + 2128 = 0. What is the units digit of j?
0
Suppose -3*i = -4*v - 0*v - 23, 4*v = 4*i - 28. Suppose 2 = q - i. Suppose 10*p - 27 = q*p. What is the units digit of p?
9
Let w be 294/4*(2 - (3 + 1)). Let t = -104 - w. What is the units digit of t?
3
Let l(v) = 2*v**3 - 7*v**2 - 11*v + 17. Let o(x) = x**3 - 3*x**2 - 6*x + 9. Let t(s) = -6*l(s) + 11*o(s). What is the units digit of t(6)?
5
What is the hundreds digit of (-1154)/(-7) - 1*4/(-28)?
1
Suppose 3*d = 2*d - 4*b + 11, -3*d - 4*b + 41 = 0. Suppose -5 - d = -5*l. Suppose -48 = u - l*u + 2*h, 4*h = u - 26. What is the units digit of u?
4
Let i(q) = 20*q**2 + 4*q - 4. Let u(l) = 61*l**2 + 11*l - 12. Let t(a) = -8*i(a) + 3*u(a). What is the units digit of t(2)?
0
What is the tens digit of (-5574)/(-10) + 5 + (-22)/5?
5
Suppose -36*v - 3119 = -15791. What is the units digit of v?
2
Suppose 0 = 4*t + 2*t + 150. Let u = 22 + t. What is the units digit of u/(-6) + 159/6?
7
Let a(i) = i + 11. Let h(p) be the first derivative of -12*p + 12. Let s(m) = -3*a(m) - 4*h(m). What is the units digit of s(0)?
5
Let s(a) = 19*a - 2. Let g be s(-1). Let t = -5 - g. What is the tens digit of t?
1
Let h = 10 - 10. Suppose h = 2*t - 2*m - 82, t + 192 = 5*t + 3*m. What is the tens digit of t?
4
Let y = 80 + -71. Suppose d - 61 = -4*n, -5*n - 73 = -y*n + 3*d. What is the tens digit of n?
1
Let v be ((-4)/(-6))/(97/96 + -1). What is the units digit of v + -1 - ((-24)/3)/(-4)?
1
Suppose 0 = t + 698 - 2445. What is the hundreds digit of t?
7
Let m(x) be the first derivative of 3*x**2 - 12*x - 2. Let p be m(11). Suppose 0 = -20*r + 19*r + p. What is the tens digit of r?
5
Suppose 115*n - 120*n = 5*a - 21545, 0 = -2*a + 2*n + 8638. What is the tens digit of a?
1
Let z(p) be the second derivative of 0 - 4*p**2 - 2*p + 1/12*p**4 + 11/6*p**3. What is the units digit of z(-12)?
4
Suppose 2*j = 2, -5*j + 80 = -5*f + 480. What is the units digit of f?
1
Let c = 2 + 4. What is the tens digit of ((-4)/c)/((-12)/378)?
2
Let s be 286/55*(-5 - (2 - 2)). What is the units digit of (-288)/(-13) + (8/s)/2?
2
Let f(k) = 5*k**3 + 67 - 12 - 6*k**3 + k. Let v be f(0). Suppose 0 = 2*n - 3*o - 17, n + 3*n - v = -o. What is the tens digit of n?
1
Let i = 29 - 28. What is the units digit of (-8)/(-10)*(1 - -49)*i?
0
Let j be 9/(-12) + (-391)/(-4). Suppose -15 = -7*p + j. What is the units digit of p?
6
Suppose 1694 = 4*q - 2*k, 0 = 4*q - 4*k + 3*k - 1695. Let f = q - 269. What is the hundreds digit of f?
1
Let s(t) = -11*t**3 - 2*t**2 + 6*t + 2. What is the units digit of s(-3)?
3
Suppose 0 = 3*o - 19 - 44. Let y = -16 + o. What is the tens digit of y + -1 + 0 + 7?
1
Suppose 1648 = 6*y - 1316. What is the tens digit of y?
9
Let n(o) = o**2 + 14*o - 49. Let m be (1 - -1)/(-2)*(20 + 2). What is the tens digit of n(m)?
2
Suppose -8*w - 155 = -3*w. Let c = 46 + w. What is the units digit of c?
5
Let y(f) = 2*f**2 + 24*f + 110. What is the units digit of y(-22)?
0
Let h = 9817 - 6004. What is the thousands digit of h?
3
Let s(c) = 36*c - 197. What is the hundreds digit of s(19)?
4
Let s = -10 - -3. Let k = s + 11. Let h(w) = 2*w**2 - 3*w + 6. What is the units digit of h(k)?
6
Let m = 1607 - -190. What is the hundreds digit of m?
7
Let z = 7235 - 4399. What is the hundreds digit of z?
8
Let c(g) = g**2 - 17*g + 70. What is the hundreds digit of c(21)?
1
Suppose 2*g + 60 = 4*g. Let j be -1 + -1 - ((2 - 4) + -4). Suppose g = j*h + 6. What is the units digit of h?
6
Let q = -142 - -286. What is the tens digit of q?
4
Suppose 3*u - 33 = -0*i - 3*i, 4*u + i - 29 = 0. Suppose 3*h + u*x = x + 167, 0 = 5*h + 5*x - 295. What is the tens digit of h?
6
Let i = 1 - -3. Let k(s) = 6 - 5*s - 3 + i*s - 11. What is the units digit of k(-10)?
2
Let r(q) = -6*q**3 - 7*q + 2. Let x(w) = w**3 + w**2 + w + 1. Let f(h) = r(h) + 5*x(h). Let k be f(5). What is the units digit of 0 - 0/k - -67?
7
Suppose 9 = c + 5. Suppose 12 = 4*y - y. Suppose 5*z = 2*z - c*f + 27, 2*z - 22 = -y*f. What is the units digit of z?
5
Let t be (5/3)/((-20)/(-24)). Let p be (-7)/t*40/(-70). Suppose -3*n + 0*g + 140 = -5*g, p*n = 4*g + 94. What is the tens digit of n?
4
Suppose 6*i - 64 = 4*i. Let r = 83 - i. What is the tens digit of r?
5
Let t(l) = 2*l**2 - 3*l + 4. Let o be (-8)/6*(-5 - 10). Suppose 4*v + o = 9*v. What is the tens digit of t(v)?
2
Let g be (-2)/(-5) - 24/(-15). Suppose 2*d - 336 = -g*d. Let l = -58 + d. What is the units digit of l?
6
Let v be 40 + (-2 + 2)/1. Suppose k + k = v. Suppose k = 3*y - 46. What is the tens digit of y?
2
Suppose 0 = 5*j - 5*q - 1090, -3*q + 0*q - 432 = -2*j. What is the tens digit of j?
2
Suppose w = 4*a + 341, w - a - a - 333 = 0. Suppose 4*o - o - w = -t, 2*o - t - 215 = 0. What is the tens digit of o?
0
Let d = -1316 - -1324. What is the units digit of d?
8
Let n(s) = 5*s**2 + 5*s. Let b(r) = -r**3 + 4*r**2 - 3*r - 4. Let m be b(3). What is the units digit of n(m)?
0
Let q(o) be the second derivative of 4*o + 0 - 2/3*o**3 - 1/2*o**2. What is the units digit of q(-5)?
9
Suppose -59 = -5*c + 2*i - 13, -i = -2*c + 18. Let o = 45 - c. What is the tens digit of o?
3
Suppose -2*d - 316 = -4*a, 3*d = -1 + 7. Suppose 3*j - j - 5*u - 9 = 0, -2*u - 26 = -4*j. Suppose 2*x - j*x = -a. What is the units digit of x?
6
Suppose -6*n - 8 = 22. What is the units digit of 2/n*(-360)/9?
6
Suppose 2*j - 10 - 24 = 0. Suppose 13*s = j*s. Suppose s*q = q - 12. What is the units digit of q?
2
Let d = 7 - 5. Let b(r) = 7 + 13*r**2 + 6 - 12*r**d + r - 3. What is the units digit of b(0)?
0
Let w(m) = m + 17. Let i be w(-12). Suppose -28 = -x + i*r - 1, r + 3 = -x. Suppose -4*g + b = -56, -7*b + 14 = g - x*b. What is the tens digit of g?
1
Let s(r) = -4*r**3 - 3*r**2 + 5*r - 2. Let y be s(-4). Let l be y/9 - (-2)/6. Suppose -7 = -4*h + l. What is the units digit of h?
7
Let w be 3748/5 + (-16)/(-40). What is the tens digit of 167/15 - 10*10/w?
1
Suppose 3*a - 17 = 28. Let b = a + 57. What is the tens digit of b?
7
Let z be (4/4*-3)/(3/2). Let k(j) = 25*j**2 - 6*j - 5. What is the tens digit of k(z)?
0
Let u(j) = j**3 - 9*j**2 - j + 113. What is the thousands digit of u(14)?
1
Let t = -330 - -372. What is the tens digit of t?
4
Let i(b) = -8*b**2 - 33*b - 83. Let z(t) = -3*t**2 - 11*t - 28. Let o(d) = -4*i(d) + 11*z(d). What is the units digit of o(10)?
4
Let d(m) be the second derivative of m**4/4 - 4*m**3/3 + 2*m**2 + m. Let b be 2/(-8) - 42/(-48)*6. What is the tens digit of d(b)?
3
Let r = 621 - -56. What is the tens digit of r?
7
Let f be (-1)/(-2)*(-36)/9. What is the tens digit of (-9 - -12) + (-56)/f?
3
Suppose 0*l - l - 63 = 0. Let w = 62 + -87. Let c = w - l. What is the units digit of c?
8
Let t = -42 + 67. Suppose 5*b = s + t, -3*s + 4 - 24 = -4*b. Suppose -3*w = b*q - 111, 5*q = -2*w - 0*w + 74. What is the tens digit of w?
3
Let y(j) be the second derivative of -j**5/20 - j**4/4 - j**3/2 - 3*j**2/2 + 21*j. What is the units digit of y(-4)?
5
Suppose -11*u + 13 = -42. What is the units digit of (6 - (3 - 2))*(u + 0)?
5
Let l be -234 + (-1 - (4 + -5)). Let p be (-2)/4*(-4 - l). Let c = p - -170. What is the units digit of c?
5
Let k(i) = -i - 7. Let d be k(-12). Suppose -d*v + 392 = -2*x, -5*v + 230 = 2*x - 158. What is the tens digit of v?
7
Let n(g) = g**2 - 10*g - 4. Let m = 43 - 48. What is the units digit of n(m)?
1
Suppose g - n - 2*n - 